f + 2*l. What is the tens digit of f?
7
Let y(o) = -3*o**2 - 6*o - 4. Let r(m) = 6*m**2 + 12*m + 7. Let q(j) = -3*r(j) - 7*y(j). Suppose 3*u = 158 - 176. What is the units digit of q(u)?
9
Suppose -82128 = -3*i - 11*p + 14*p, -3*i - 4*p + 82065 = 0. What is the units digit of i?
7
Suppose 4*w = -0*w + 32. Let a = -108 + w. Let c = a - -140. What is the units digit of c?
0
Let o(b) = b**3 - 3*b**2 + 8*b - 8. Suppose 4*s = 2*s - 238. Let x = 125 + s. What is the tens digit of o(x)?
4
Suppose -26022 - 94 = -3*w + 2*n, -26104 = -3*w - 4*n. What is the thousands digit of w?
8
Let n be 5326/(-6)*2*(-3)/2. Let u = n + -1834. What is the units digit of u?
9
Let z = -3339 - -4793. What is the tens digit of z?
5
Suppose -3*u - 3 = -2*n, 3*n - u - 5 + 4 = 0. Suppose n = f - 18 - 241. What is the tens digit of f?
5
Let x = -49 - -63. Let m(c) = 2*c + x*c**2 + 2*c - c - 10*c**2 - 3*c**3. What is the units digit of m(-1)?
4
Suppose -14*o = 2*o - 432. What is the thousands digit of 29814/o + 8/(-36)?
1
Let h = -23 - -25. Suppose -h*w = -4*l - 134, -6*w - 87 = 2*l - 3*w. Let m = l - -39. What is the units digit of m?
3
Let d = 7 - 5. Suppose 2*h = d*p + 1 - 5, 3*h = -3*p - 24. What is the tens digit of (-5)/((-15)/86) - (-2)/p?
2
Suppose 0 = -i - i. Let c = -1710 + 1705. Let h = i - c. What is the units digit of h?
5
Let k = 8250 - 359. What is the tens digit of k?
9
Suppose -23 = 4*d + 2*k + 45, 0 = -2*d + k - 30. What is the tens digit of (-3 - (-4955)/4) + (-20)/d?
3
Let s = -262 + 255. Let y(j) = -4*j**3 - 18*j**2 - 17*j - 3. What is the tens digit of y(s)?
0
Suppose s = -l - 15781 + 62654, 4*l - 187513 = 3*s. What is the tens digit of l?
7
Let w = 570 + -590. Let m(b) = 3*b**2 - 10*b + 211. What is the hundreds digit of m(w)?
6
Suppose 0 = i - 13*i - 3768. Let n = 531 + i. What is the hundreds digit of n?
2
Let a(p) = -3*p + 14. Let y be a(4). Let z be (-1 - y - -2) + 31*8. Let h = -176 + z. What is the tens digit of h?
7
Suppose 4*j - 30 = -2*f, -15 = -4*j + 3*f - 0*f. Let o(u) = j - 6 + 4 + 0 + 8*u. What is the tens digit of o(2)?
2
Let w(f) be the second derivative of 91*f**3/6 - 21*f**2 + 104*f. What is the units digit of w(2)?
0
What is the units digit of (-7238308)/(-3850) - 8/10*5/50?
0
Suppose 5*h - 3*z = 147, 0 = -4*h - h - 3*z + 153. Suppose -28*b = -h*b + 1422. What is the hundreds digit of b?
7
Suppose s + 8 = 4*k - 2, k = -s - 10. What is the hundreds digit of (-3316)/s + 81/(-135)?
3
Suppose -2*s - b - 179 = -0*b, 2*s - 3*b + 183 = 0. Let f = 250 + s. What is the hundreds digit of f?
1
Suppose 0 = -3*o + 5*g + 7843, 30*o - 5*g - 13075 = 25*o. Suppose -2*j = 2*i - o, -5*i + j - 3*j = -6540. What is the tens digit of i?
0
Let h(y) = y**2 - y - 19. Let m be h(-5). Suppose -5*l - m = t - 5*t, 2*t - 3*l = 5. What is the units digit of t?
4
Suppose 0 = 5*z + 1568 - 1718. What is the tens digit of (z - 24) + -2 + 892?
9
Let m be (24/(-24))/((-2)/890). Suppose -m = -4*s + 2*t + 533, t + 1230 = 5*s. What is the units digit of s?
7
Let c(q) be the first derivative of q**3/3 + 33*q - 19. Let k be c(-9). Suppose s - k = 5*o, s - 3*o - 207 = -s. What is the tens digit of s?
9
Suppose 11*y + 38 = -6. Let b be (y/5)/((-2)/(-10)). Let c(i) = 6*i**2 - 3*i - 16. What is the units digit of c(b)?
2
Let y = 27115 + -24793. What is the units digit of y?
2
What is the units digit of ((-15)/20)/(53/(-3595308))?
7
Let i be (-648)/(-10) + 5/25. Let x = i - 42. Let n = x + 3. What is the tens digit of n?
2
Suppose 0 = 32*f - 33*f + 20. Suppose -45 = -5*n - f. Suppose n*l + c - 297 = 0, -1 + 7 = -2*c. What is the tens digit of l?
6
Let i = 679 - 663. Let o(r) = -5*r - 1. Let c be o(-3). Suppose -i*d + 54 = -c*d. What is the units digit of d?
7
Suppose -1373 = 3*r - 527. Let x = 545 - r. What is the units digit of x?
7
Let q(p) = 56*p**2 + 205*p - 3139. What is the tens digit of q(17)?
3
What is the tens digit of 3557841/588 + 14/(-8)?
4
Suppose -2*u - 10*t + 8951 = -5*t, 3*t = u - 4492. What is the tens digit of u?
8
Let q(d) = 81*d**2 - 68*d + 11. What is the thousands digit of q(-7)?
4
Let w = -158 - -163. Suppose -w*o - 3 = -18, -1065 = -5*j - 5*o. Let z = j + -32. What is the units digit of z?
8
Let n(f) = -f**3 - 79*f**2 - 52*f - 723. What is the units digit of n(-79)?
5
Let v(d) be the third derivative of -d**4 - 5*d**2. Suppose -2*q = -4*u - 6, -4*q - 2 = -2*q. What is the tens digit of v(u)?
4
Let i be (-2)/12 + 85/(-30). Let z be 1/i - 427/(-21). What is the units digit of 4 + (-1 + 3)/(z/730)?
7
Let x = 224 + -218. Let n(c) = 21*c + 66. What is the tens digit of n(x)?
9
Let w = -669 - -937. Suppose -4*u - t = -446, -170 - w = -4*u + 3*t. What is the units digit of u?
1
Suppose 1 = -t - 3*l, 4*t - 2*l + 20 = 2*l. Let j(r) = 21*r**2 + 7*r + 6. What is the units digit of j(t)?
4
Suppose 296518 + 227150 = 34*m. What is the units digit of m?
2
Suppose -5*q - 64*f = -66*f - 12523, -q + 2500 = -5*f. What is the tens digit of q?
0
What is the thousands digit of (9/15)/((-13)/(109460/(-4)))?
1
Suppose -t + 617 + 1176 = 5*j, 2*t = 4*j + 3628. What is the units digit of t?
8
Let t = 12731 - -4326. What is the tens digit of t?
5
What is the tens digit of (-90)/(-1440) + (-148318)/(-32)?
3
Let d(x) = 2*x**3 - 5*x**2 + 17*x - 1. Let q(b) = -6*b**3 + 13*b**2 - 52*b + 4. Let h(v) = -11*d(v) - 4*q(v). What is the hundreds digit of h(6)?
6
Let k(o) = -o**2 - 4*o + 13. Suppose 6*s + 163 = -359. Let i be (-3)/15 - s/(-15). What is the units digit of k(i)?
1
Let v(k) = 1782*k**2 - 390*k - 775. What is the hundreds digit of v(-2)?
1
Let a be (-7)/((-210)/1795) + 15/(-18). Suppose -5*y + 1853 = 2*q, 0 = 2*y - a*q + 58*q - 734. What is the hundreds digit of y?
3
Suppose 33*u - 4619 - 2674 = 0. Let g = u - 138. What is the units digit of g?
3
Suppose -1901 = -14*i - 109. Let u be 1/4 + 706/(-8). Let v = i + u. What is the tens digit of v?
4
Let c be (980/(-6))/2 - (-54)/81. Let o = 85 + c. Suppose o*t - 11*t + 196 = 0. What is the units digit of t?
8
Let g be 0 - (-5 + -6*2/(-4)). Let b be (-10)/(-30) + ((-232)/6)/g. Let z = 57 + b. What is the tens digit of z?
3
Suppose 13*f - 13803 = 10403. Let i = -854 + f. What is the units digit of i?
8
Let b(a) = 2*a**3 - 6*a**2 + 5*a - 3. Let y be b(3). Suppose y*w - 13*w = 28182. What is the hundreds digit of (-6)/(-10) - w/105?
2
Suppose -21*z = -10955 - 946897. What is the ten thousands digit of z?
4
Let n(m) = 27 - 87 + 15*m + 19 + 27. What is the units digit of n(25)?
1
Suppose 3*s - 96 = -2*y, 3*y - 4*y + 4*s = -26. What is the units digit of (70/(-42))/((-2)/y)?
5
Suppose 2*r + 2*h + 2524 = 3*r, 0 = 4*r + h - 10132. Suppose -o + 3*z + r = 0, -3*o - 2*o - z + 12692 = 0. What is the tens digit of (-4)/(-10) - o/(-30)?
8
Suppose 0 = -6*w + 1191 - 63. Let j = w - 280. Let s = j + 95. What is the units digit of s?
3
Let b(n) = -96*n + 153. Let z(r) = -88*r + 153. Let l(h) = 6*b(h) - 7*z(h). What is the units digit of l(4)?
7
Suppose 0 = 2*s + 2*f - 41156, -30028 = 4*s + 2*f - 112328. What is the units digit of s?
2
Let g be (-1 - -6)/(0 + 1). Suppose -g*m + m + 20 = 0. What is the tens digit of 1/(m*(-4)/(-380))?
1
What is the units digit of 15*(92/(-8) + 12)*(-1068)/(-10)?
1
What is the tens digit of (0 + 77294/21)/(12/18)?
2
Suppose 114370 = 5*c + 3*y, -3*c - 47*y + 68622 = -45*y. What is the units digit of c?
4
Let q(h) = 2*h - 2. Let a = 54 - 53. Let n be q(a). Suppose 2*i - 125 - 43 = n. What is the tens digit of i?
8
Let c(g) = 39*g + 80. Let l be c(-2). What is the tens digit of l/(-10) + 48958/65?
5
Let m = 21805 - 13528. What is the thousands digit of m?
8
Suppose 25*m - 96318 + 22243 = 0. What is the tens digit of m?
6
Let g = -699 - -1469. Let r = g + -572. What is the hundreds digit of r?
1
Let h(t) = 7*t**3 - 4*t**2 - t + 2. Let a(s) = s**3 + s**2 - s - 1. Let x(j) = 6*a(j) - h(j). What is the hundreds digit of x(7)?
1
Suppose 0 = -4*n + 2*s - 34, 7*s = 4*n + 8*s + 31. What is the units digit of (3/2)/(n/6224*-3)?
9
Let y be ((-80)/(-36) - 2)*3*3. Suppose -5*d - y = -17. Suppose 2*m - 4*b - 54 = 0, -106 = -4*m - d*b + 35. What is the units digit of m?
3
Suppose -21*g = 5*h - 19*g - 441520, 2*h = 12*g + 176672. What is the thousands digit of h?
8
Suppose -2*q + 454 = l, 3*q + 4*l - 445 = 241. Suppose -x + q = 5*h, -x = -2*x